What is the greatest common divisor of 21 and x?
7
Let r(w) = -w**3 + 8*w + 15. Let o be r(5). Let q = o - -91. Calculate the greatest common factor of 84 and q.
21
Suppose 0*m = m - 14. Suppose 3*f - 3*p = -264, -3*p = -5*f + 3*f - 179. Let v = -50 - f. What is the highest common divisor of v and m?
7
Let y = 51 - 21. Suppose -59*l - 2091 + 2681 = 0. Calculate the highest common divisor of y and l.
10
Suppose 175 = y + 5*o, 2*o - 118 = 2*y - 444. Suppose 0*v - y = -3*v - 5*t, v - 55 = t. Calculate the greatest common factor of 5 and v.
5
Let s = -52 - -91. Suppose 2*c = -3*w + s, -4*w + 0*c + 56 = 4*c. What is the highest common divisor of 77 and w?
11
Suppose 0 = 13*n - 25*n + 11988. What is the highest common divisor of 27 and n?
27
Suppose 25*x + 1327 - 1927 = 0. Let q be (2 - 0/1)*48. Calculate the highest common factor of x and q.
24
Let a = -15 - -17. Let z be (24/4)/a - -137. What is the highest common factor of z and 56?
28
Suppose -d = 5*x - 6*d + 715, 0 = d + 3. Let y = x - -286. Calculate the highest common factor of 20 and y.
20
Let q(z) = 5*z + 57. Let p be (-11)/(-6 - (-4 + -1)). Let m be q(p). What is the greatest common divisor of m and 32?
16
Let q(g) = -9*g + 57. Let n(m) = 19*m - 113. Let v(o) = 4*n(o) + 9*q(o). Let k be v(-13). Calculate the highest common factor of k and 18.
18
Suppose 0 = 138*h - 145*h + 98. Calculate the greatest common factor of 266 and h.
14
Let d = 561 + -553. Let y(w) = -8*w. Let a be y(-2). What is the greatest common factor of a and d?
8
Let k = 414 + -305. What is the greatest common divisor of k and 2289?
109
Let o(l) = -l**3 + 5*l**2 + 12*l - 4. Let h be o(6). Suppose 2*v - 3*f = -4 - 3, -5*v + 5 = -3*f. What is the highest common divisor of h and v?
4
Let q(a) = 64*a**3 - 9*a**2 + 8 - 63*a**3 + 3*a**2. Suppose 2*s = 4*s + 4, s = 4*v - 26. Let w be q(v). What is the greatest common divisor of 2 and w?
2
Let i be 3/30 - (2 + 1819/(-10)). Calculate the highest common divisor of i and 405.
45
Let s be 10/(-4)*(396/(-45) + 6). What is the greatest common factor of s and 7?
7
Let v be (36/15)/((-32)/(-320)). What is the highest common factor of v and 512?
8
Let v = -31 + 45. What is the highest common factor of v and 238?
14
Let o(v) = -2*v + 2. Suppose -3*y - 482 = -4*g, 3*g = -y - 4*y + 347. Suppose 0*p - g = 7*p. Let k be o(p). Calculate the highest common divisor of 54 and k.
18
Let w be ((-14)/(-2) - 6) + 9 + 1. Calculate the highest common factor of 11 and w.
11
Let g(i) = -21*i - 4. Let o be g(-4). Suppose 2*m + 2 = -o. Let h = -30 - m. What is the greatest common factor of 55 and h?
11
Let u = 29 + -31. Let n be u*(-2 + 3)*-3. Suppose f - 10 = -4*q + n, -4*f = 4*q - 88. Calculate the highest common divisor of f and 12.
12
Let a(t) be the first derivative of 5*t**2 + 2*t + 14. Let d be a(1). Calculate the greatest common factor of 6 and d.
6
Suppose 4*o - 5*g = 10, -5*o - 2*g = -5*g - 19. Calculate the greatest common divisor of 100 and o.
5
Let r(z) = -z**3 - 15*z**2 + 51*z - 40. Let t be r(-18). Calculate the greatest common factor of 2338 and t.
14
Suppose -3*l = 4*d - 92, -104 = -59*l + 55*l + 4*d. Calculate the greatest common divisor of l and 4.
4
Let b(o) = o**3 + 16*o**2 - 16*o + 5. Let z be b(-17). Let l be ((-3)/z*-99)/((-6)/32). Calculate the highest common factor of 12 and l.
12
Let b be (-3)/2*-18 + (-6)/(-2). Suppose 35*c = b*c + 925. Calculate the highest common divisor of c and 37.
37
Suppose -3*r = -2*m - 341, 138 = 4*r + 5*m - 286. Let g = r - 73. Calculate the greatest common factor of 152 and g.
38
Suppose -r - 2*r = -21. Let q be (-4)/((-7)/(r/2)). Let m = 7 - 3. Calculate the highest common factor of m and q.
2
Let v be ((-7)/((-7)/(-3)) - -6) + 15. Calculate the greatest common divisor of 126 and v.
18
Let o = 313 - 229. What is the highest common divisor of o and 36?
12
Suppose -4*p - o - 210 + 3222 = 0, 5*o - 3750 = -5*p. What is the highest common divisor of p and 58?
58
Let s = -48 - -112. What is the highest common divisor of 192 and s?
64
Suppose 6*j - 41 = -s + 9*j, s = 2*j + 43. Calculate the greatest common divisor of s and 517.
47
Suppose -4*t - 546 = 2*f, 3*f - 769 = 6*f - 4*t. Let s = f + 417. What is the highest common factor of s and 22?
22
Let p = 203 + 1. Calculate the highest common factor of p and 12.
12
Let x(n) = 11*n**3 - 3*n + 2. Let s be x(1). Let v(t) = -t**2 - 26. Let r be v(0). Let p = r - -36. What is the highest common divisor of p and s?
10
Let q(p) = p - 2. Let v be q(6). Suppose -40 = -v*y - 0*y. Calculate the highest common factor of y and 110.
10
Let x = 3379 - 3211. Suppose 0 = -4*l - 20, 2*k - 67 = k + 5*l. Calculate the highest common factor of x and k.
42
Suppose a + 2*a = -4*p + 1028, 3*a - 1040 = -p. Suppose -4*q + 4 = 0, -5*o + a = -0*q - 2*q. Calculate the greatest common factor of 105 and o.
35
Let l = 21 + 23. Suppose 8*a = 2*a + 30. Suppose -7*h + 2*h - n = -59, -a*n = -4*h + 24. Calculate the highest common factor of h and l.
11
Suppose -5*y - 27*v + 30*v = -31, 2*v - 6 = 0. What is the greatest common factor of 136 and y?
8
Let n be 102/25 + (-68)/850. Let j = 2 - 0. Calculate the greatest common divisor of n and j.
2
Let w(i) = -2*i**3 - 4*i**2 + 5*i + 3. Suppose 6*k - 24 = 10*k. Let o be w(k). What is the greatest common factor of 29 and o?
29
Suppose 0 = 2*x - 2*u - 104, 0*x + 5*u - 28 = -x. Suppose -14*h = -11*h - x. Calculate the highest common divisor of 272 and h.
16
Suppose 8 = 4*q - 24. Let g be (q - 3) + -4 - (-1 + -36). What is the highest common divisor of 266 and g?
38
Suppose -4*x = 5*f + 100, -4*x + 4*f = -0*x + 136. Let o = -25 - x. Calculate the highest common divisor of o and 55.
5
Let k be (3 - 5/2)*0. Suppose k = 5*n + 5*b - 390, 3*n = b + 4*b + 250. Let p = 58 + -42. What is the highest common factor of p and n?
16
Suppose 0 = 2*j - 4*j + 28. Let c be 6/(-3) + 9 + -4. Let m be (-83)/6*-3 - c/(-6). Calculate the greatest common factor of j and m.
14
Let g = -26 + 38. Let d = g + -6. Let v = 2 - -1. What is the highest common divisor of d and v?
3
Suppose -i + 25 - 8 = h, i = 4*h - 88. Calculate the highest common divisor of 33 and h.
3
Let x(l) = l**2 + 8*l + 4. Let g be x(-8). Let d = 40 - 48. Let s be (d/(-2) - 0)*(0 + 2). What is the greatest common divisor of s and g?
4
Let l = 4 + -11. Let h be -24*l/((-21)/(-2)). Calculate the highest common divisor of h and 2.
2
Suppose 11*y - 60 = -c + 7*y, 170 = 2*c - 2*y. Calculate the highest common divisor of 30 and c.
10
Let q be 1/4 - 945/(-60). Suppose 3*p = -0*p + 5*h + 43, 2 = 2*h. Calculate the highest common factor of p and q.
16
Suppose 82 = -14*l + 3904. What is the greatest common factor of l and 1183?
91
Let u = -912 + 948. Calculate the highest common factor of u and 28.
4
Let k be 81/12 - (-1)/4. Let q = 89 + k. What is the highest common divisor of 12 and q?
12
Suppose f = -5*o + 5*f + 206, -2*o - 2*f + 68 = 0. What is the greatest common factor of 57 and o?
19
Let i be ((-14)/(-4) - -2)*2. Let z(g) be the first derivative of -17*g**2/2 + 3*g + 5. Let h be z(-5). Calculate the greatest common factor of h and i.
11
Suppose 8*k + 660 = 19*k. What is the greatest common divisor of k and 300?
60
Suppose -317 = -4*w + d + 114, 2*d + 538 = 5*w. Let g = 56 + -20. Calculate the greatest common factor of g and w.
36
Suppose 3*j = -0*j - 6. Let g = j + 74. Let u = 94 + -85. Calculate the greatest common factor of g and u.
9
Suppose -4*n + 1266 + 1434 = 0. Suppose -f - n = -6*f. Suppose c = -27 + f. What is the greatest common factor of c and 12?
12
Let t(y) = 12*y + 75. Let i be t(-5). What is the greatest common factor of 240 and i?
15
Let f = -183 - -333. What is the greatest common divisor of 100 and f?
50
Suppose -2*z = -9*z + 203. Let j = 38 - z. Calculate the greatest common divisor of 1 and j.
1
Let z = 165 + -147. Calculate the greatest common factor of 666 and z.
18
Suppose 2*l - 5*z = -2*z - 32, -2*l = 3*z + 8. Let r be (-1947)/(-55) + 4/l. Calculate the highest common divisor of 7 and r.
7
Let w be (-1 + -140 + 3)*(-9)/6. Calculate the greatest common divisor of w and 9.
9
Let h(o) = -5*o + 3*o - 2*o**2 - 9 - 4*o - 2*o. Let b be h(-4). Let r be 4/(-6) + (-870)/b. What is the greatest common factor of 12 and r?
12
Suppose -3*s = 2*s + 20, 46